rivative of l**7/70 + l**5/120 - l**4/24 + l**3/3 + l. Let b(y) be the second derivative of o(y). What is the tens digit of b(1)?
1
Suppose 0 = -5*c - 20, 0 = -0*j + 5*j + 2*c + 23. Let x(l) = -l**3 - l**2 - 2*l + 4. What is the units digit of x(j)?
8
Suppose -3*c - 11 = -0*c + 5*r, -3*r = 4*c. Suppose -a + 74 = 2*z - 3*a, -c*z + 108 = -4*a. What is the units digit of z?
0
Suppose x - 5*x - 12 = 0. Let v(b) = 2*b**2 - 2. Let t be v(x). Let u = t + -7. What is the units digit of u?
9
Let a(c) = c**3 - 10*c**2 + 9*c + 4. What is the units digit of a(9)?
4
Suppose -3*l + 4*k - 177 = 19, -2*k - 10 = 0. What is the units digit of ((-8)/24)/(2/l)?
2
Let w = 13 + 25. What is the units digit of w?
8
Let w be -3 + (3 - (3 + -5)). Let k = 5 - w. Suppose k*c - 2 - 1 = 0. What is the units digit of c?
1
Let u = 18 - -2. What is the units digit of u?
0
Let p(o) be the first derivative of -o**4/12 + 13*o**3/6 - 15*o**2/2 - 3*o - 3. Let z(a) be the first derivative of p(a). What is the units digit of z(11)?
7
Suppose 0*f = -2*f + 8. Suppose 0 = -c + 3*c - f. Suppose 2*q + c*q - 48 = 0. What is the tens digit of q?
1
Let y(k) = -18*k - 17. What is the tens digit of y(-8)?
2
Let o(b) = -6*b + 4*b**2 - 3*b**2 + 5 - 1. Let r be o(5). What is the units digit of 15/(-4)*r*4?
5
Suppose -77 = 5*u + 3*h, -4*u - 16 = -3*h + 51. Let n be (-6)/(-4)*u/(-12). Suppose -n*q - 2*q = -8. What is the units digit of q?
2
Let i(m) = m**2 - 7*m + 35. What is the units digit of i(14)?
3
Let u be (-5680)/(-45) + (-4)/18. Suppose s = 4*z - u, -30 = -z + 4*s + 9. What is the tens digit of z?
3
Let l be (-3)/(-6) - (-102)/4. Let c = l + -12. What is the units digit of c?
4
Let r(v) = 23*v - 1. What is the units digit of r(2)?
5
Let b(j) be the first derivative of -j**3/3 + 2*j**2 + 6*j + 4. What is the units digit of b(5)?
1
Suppose -2*b = -5*i + 1129, 0 = i + 4*b - b - 219. What is the units digit of i?
5
Let x(z) = z**3 + 5*z**2 - 5*z - 3. What is the tens digit of x(-5)?
2
Let q be 6 - (-2 - -2) - 2. Let p(a) = -a**3 + 5*a**2 - 3*a - 1. What is the units digit of p(q)?
3
Let k(w) = -w**3 + 6*w**2 - w + 3. Let f be k(6). What is the units digit of (f/(-3) - 0) + 25?
6
Suppose 46 - 178 = -6*y. What is the units digit of y?
2
Let h(o) be the first derivative of 2*o**2 + o - 3. What is the units digit of h(1)?
5
Let t = -2 + 4. What is the units digit of t?
2
What is the units digit of (189/7)/((-1)/(-5))?
5
Let c = 2 + -6. What is the units digit of (-22)/(2/c*2)?
2
Let w = 545 + -191. What is the hundreds digit of w?
3
Let n(g) = g**2 - 3*g - 25. What is the units digit of n(11)?
3
Suppose -2*n - 8 = -0*n. Let c = 15 + n. What is the units digit of c?
1
Let u(n) = n**3 + 17*n**2 + 13*n - 15. What is the hundreds digit of u(-15)?
2
Let u(n) = -4*n**2 - 2*n**2 + 6*n**2 + n - 4 + 4*n**2. What is the tens digit of u(3)?
3
What is the units digit of (-3)/6 + 26/4?
6
Let t = 7 - 13. What is the tens digit of ((-46)/t)/((-8)/(-24))?
2
Let u = -47 - -22. Let h = 53 + u. What is the units digit of h?
8
Let h = 22 - 14. Let p = h - 1. What is the units digit of p?
7
Let z = 38 + -26. What is the tens digit of z?
1
Let p = 2 - -1. Suppose 3*t - 6 - 46 = -5*w, 2*w - 2*t = 24. Suppose -2*j = c - w, 3*c - p*j - 2*j = -22. What is the units digit of c?
1
Let p(n) = n**3 - 16*n**2 - 2*n + 18. Let a be p(16). Let g = a + 26. What is the tens digit of g?
1
Suppose -22*o = -23*o + 268. What is the tens digit of o?
6
Let g be (2 + -4)*(-108)/8. Suppose -4*m + g = 7. Suppose m*u - 16 = 14. What is the units digit of u?
6
Let q = 14 + 16. What is the tens digit of q?
3
Let j = 7 - 4. Let r be (2/5)/((-3)/(-15)). Suppose 25 = r*g - 3*w, -j*g + 19 + 6 = -2*w. What is the units digit of g?
5
Let b be (-2)/3*(-3 + -3). Suppose j + 3*i = 4*i + 18, -b*i - 58 = -3*j. What is the units digit of j?
4
What is the units digit of ((-50)/3)/((-12)/18)?
5
Suppose 1 = 2*x - 5. Let g(h) = h - 2. Let w(k) = -2*k + 2. Let b(n) = x*g(n) + 2*w(n). What is the units digit of b(-5)?
3
Suppose -20 = 4*b - 3*o, -3*b - 8 - 36 = 5*o. What is the units digit of 93/12 - 2/b?
8
Let d(m) = 7*m**2 - 2*m. Let f be d(-2). Let z(c) = -c**2 - 4*c + 2. Let s be z(-4). Suppose 0 = -s*u + f + 2. What is the units digit of u?
7
Let k = -425 + 626. What is the hundreds digit of k?
2
Let j = -3 - -11. Suppose -5 = j*c - 3*c. Let l = 6 + c. What is the units digit of l?
5
Let w(m) be the third derivative of -m**6/40 + m**5/60 + m**4/24 + m**2. Let u = -4 - -3. What is the units digit of w(u)?
3
Let z(o) = 3*o + 1 - 4*o - 1 + 6. Suppose -2*t + w = 23 - 8, 0 = t + w. What is the tens digit of z(t)?
1
Let i(t) = t**3 - 4*t**2 - 5*t - 5. Let d = 16 + -10. Let z be i(d). Let k = z - 22. What is the tens digit of k?
1
Suppose -j = 4*j - 10. Suppose j*u = -24 + 84. What is the units digit of u?
0
Let s be 38 + 0 + 1 + -2. Suppose 0 = -5*m - 12 + s. Suppose -8 = -4*k - 4*u, -m*k + u = -4*u. What is the units digit of k?
1
Let x be (-23)/(-6) - (-2)/12. Suppose -3*w - 4*f = -11, 0*w + 6 = 2*w + x*f. Suppose -4*u = w*v - 54, 0*v = 2*v - 4*u - 44. What is the tens digit of v?
1
Suppose -3*t + 3*m - 6*m + 114 = 0, -3*t + m = -110. What is the tens digit of t?
3
Suppose -4*d + 0 - 8 = 0. What is the tens digit of 20 - d/(4/6)?
2
Let b(o) = -2 + 2 + 2 - 7*o - o**2 + 2. What is the units digit of b(-7)?
4
What is the tens digit of 4/(-5)*(-85)/2?
3
Suppose c - 6*c - 140 = 0. Let k = c + 56. What is the tens digit of k?
2
Let w(k) = 2*k**3 + 3*k**2 + k + 1. What is the tens digit of w(3)?
8
Let j be 236/8 - (-2)/4. Suppose m - j = -4*m. Suppose 5*s - 25 = o - m*o, -4*o + 15 = -s. What is the units digit of s?
1
Suppose 3*u - 54 = -2*j - 0*u, 5*j - 173 = 2*u. Let p = j - 22. What is the units digit of p?
1
Let g = 84 + -51. What is the units digit of g?
3
Let q be 4/6 - (-188)/(-12). Let m be (-2)/(-10) - 222/q. Suppose 4*v - 25 = m. What is the units digit of v?
0
Let l(a) = -3*a + 3. Suppose -5*f = -5, 5*i - f = -0 - 36. What is the units digit of l(i)?
4
Let d(r) = -r**3 + 6*r**2 + r. Let v be d(6). Let g = 8 - v. What is the units digit of g?
2
Suppose k + 29 = -2*q + 4*q, -3*k + 4*q = 87. Let b = -18 - k. What is the units digit of (-1 - -2)*(b - 2)?
9
Let d(i) = -i. Let n(x) = -x**3 - 7*x**2 + 8*x. Let f be n(-8). Let h be d(f). What is the units digit of 21 - 9/3 - h?
8
Suppose -5*d = -2*d - 18. What is the units digit of (d/3)/((-2)/(-11))?
1
Suppose 0 = -5*l - 3*g - 2, -2*l - 5*g - 16 = 0. Let c(r) = r**3 + 2*r**2 - 3*r. What is the units digit of c(l)?
0
Suppose -5*i = n + 26, 0 = i - 4*n + 11 + 11. Let f = -2 - i. What is the units digit of f?
4
Let l = -11 + 19. Let i(w) = w**2 - 5*w + 9. What is the units digit of i(l)?
3
Let m(v) = v**3 - 9*v**2 + 5*v. Let q be m(10). Suppose 0 = -5*o + q + 5. What is the tens digit of o?
3
Suppose -4*x - x = -20. Let v = x - 7. Let f = v - -4. What is the units digit of f?
1
Let u be (-571)/(-6) - 5/30. Let b = u - 53. What is the tens digit of b?
4
Let o be 3/(-15) + (-1)/(-5). Let w be -6 + (1 - 2 - o). Let p(m) = -2*m - 8. What is the units digit of p(w)?
6
Let u = -4 - -1. Let t = u + 14. Let i = t + -3. What is the units digit of i?
8
Suppose 4*x - 4*n = 4, x = -3*n - 1 + 10. What is the tens digit of 10/3*(3 + x)?
2
Let q(d) = d**3 - 9*d**2 + 8*d + 3. Let m be q(8). Suppose 10 = -m*n - 2. What is the units digit of (-2)/n*(1 + 1)?
1
Let x be 36/7 + 5/(-35). Suppose t = x, -5*t = 4*v - 68 + 19. What is the units digit of v?
6
Suppose -376 + 94 = -m. What is the units digit of m?
2
Let l be 3/2*10 + -3. What is the units digit of 8*(21/l - 0)?
4
Let s(w) = -w**2 - 5*w - 4. Let i be s(-2). Suppose 0*j = i*j - 94. What is the tens digit of j?
4
Let w(u) = u - 1. Let p(i) = 30*i - 5. Let j(x) = -p(x) + 5*w(x). What is the units digit of j(-1)?
5
Let w(u) = 2*u - 2. Let s be w(2). Suppose 0 = 5*q + s - 27. Suppose -q*l + 31 = -14. What is the units digit of l?
9
Suppose -j = -2*k - 65, -171 = -j - 2*j - 2*k. What is the units digit of j?
9
Suppose -3*s + 72 = 4*u - 462, 4*s = u + 712. What is the tens digit of s?
7
Suppose 8*d - 3*d - 60 = 0. Let s(i) = i**3 + 14*i**2 + i + 20. Let y be s(-14). Let h = d - y. What is the units digit of h?
6
Suppose -11*r = -7*r - 1016. What is the tens digit of r?
5
Let f = 59